{"id":81,"date":"2023-11-05T14:25:34","date_gmt":"2023-11-05T14:25:34","guid":{"rendered":"https:\/\/efa53.fr\/wordpress\/?page_id=81"},"modified":"2026-01-16T21:25:35","modified_gmt":"2026-01-16T21:25:35","slug":"les-ateliers-decriture-defa-53-recrutent","status":"publish","type":"page","link":"https:\/\/efa53.fr\/wordpress\/index.php\/les-ateliers-decriture-defa-53-recrutent\/","title":{"rendered":"L&rsquo;atelier d&rsquo;\u00e9criture-blablatage"},"content":{"rendered":"<div class=\"wp-block-image\">\n<figure class=\"alignright size-large is-resized\"><img loading=\"lazy\" decoding=\"async\" width=\"1024\" height=\"683\" src=\"https:\/\/efa53.fr\/wordpress\/wp-content\/uploads\/2024\/01\/lbdd-atelier-ecriture-1024x683.jpg\" alt=\"\" class=\"wp-image-165\" style=\"width:200px\" srcset=\"https:\/\/efa53.fr\/wordpress\/wp-content\/uploads\/2024\/01\/lbdd-atelier-ecriture-1024x683.jpg 1024w, https:\/\/efa53.fr\/wordpress\/wp-content\/uploads\/2024\/01\/lbdd-atelier-ecriture-300x200.jpg 300w, https:\/\/efa53.fr\/wordpress\/wp-content\/uploads\/2024\/01\/lbdd-atelier-ecriture-768x512.jpg 768w, https:\/\/efa53.fr\/wordpress\/wp-content\/uploads\/2024\/01\/lbdd-atelier-ecriture-1536x1024.jpg 1536w, https:\/\/efa53.fr\/wordpress\/wp-content\/uploads\/2024\/01\/lbdd-atelier-ecriture-2048x1365.jpg 2048w\" sizes=\"auto, (max-width: 1024px) 100vw, 1024px\" \/><\/figure>\n<\/div>\n\n\n<p>Tous les 2 mois environ, le vendredi soir, de 20h30 \u00e0 22h30 (ou plus en fonction de la disponibilit\u00e9 de chacun et des discussions passionn\u00e9es que les \u00e9crits suscitent \u2026), nous nous retrouvons \u00e0 la salle de l&rsquo;UDAF \u00e0 Laval ou chez l\u2019un des adh\u00e9rents, pour \u00e9changer et \u00e9crire ensemble.<\/p>\n\n\n\n<p>Notre animatrice nous fait une proposition d\u2019\u00e9criture en lien avec l\u2019adoption. Pas besoin d\u2019avoir des talents d\u2019\u00e9crivain :), il suffit d\u2019avoir envie d\u2019\u00e9changer sur le th\u00e8me de l\u2019adoption, d&rsquo;avoir le souhait de partager notre v\u00e9cu, d\u2019avoir un petit peu de temps, d\u2019\u00eatre ouvert et \u00e0 l\u2019\u00e9coute des autres. En g\u00e9n\u00e9ral, il y a un temps d\u2019\u00e9criture et un temps d\u2019\u00e9change et de convivialit\u00e9.<\/p>\n\n\n\n<p><strong><em>Il n&rsquo;est pas facile, aujourd&rsquo;hui, d&rsquo;\u00eatre un postulant. La d\u00e9marche d&rsquo;agr\u00e9ment nous fait ou nous a fait toucher du doigt la r\u00e9alit\u00e9 d&rsquo;un enfant et, parents en devenir, nous sommes dans un entre-deux qui est plus facile \u00e0 vivre en partageant ses sentiments et en les \u00e9crivant.<\/em><\/strong><\/p>\n\n\n\n<p class=\"has-medium-font-size\">Voici quelques \u00e9crits produits lors de ces ateliers:<\/p>\n\n\n\n<div class=\"wp-block-columns is-layout-flex wp-container-core-columns-is-layout-9d6595d7 wp-block-columns-is-layout-flex\">\n<div class=\"wp-block-column is-layout-flow wp-block-column-is-layout-flow\" style=\"flex-basis:66.66%\">\n<blockquote class=\"wp-block-quote is-layout-flow wp-block-quote-is-layout-flow\">\n<blockquote class=\"wp-block-quote is-layout-flow wp-block-quote-is-layout-flow\">\n<figure class=\"wp-block-pullquote has-background has-small-font-size\" style=\"background-color:#fcf16ad1\"><blockquote><p>La parentalit\u00e9, c&rsquo;est l&rsquo;\u00e9cole de la vie !<br>On devient une bonne personne pour donner l&rsquo;exemple <br>Pour leur apprendre la joie, les partages, les envies. <br>Avec l&rsquo;amour, notre maison devient un temple <br>O\u00f9 nos histoires font s&rsquo;envoler l&rsquo;imaginaire<br>Leurs bisous, leurs c\u00e2lins font voyager nos \u00e2mes. <br>Ce n&rsquo;est pas une responsabilit\u00e9 \u00e9clair, <br>Car de leur vie, nous sommes ni plus ni moins la trame. <br>Faire foyer, c&rsquo;est comme allumer une chemin\u00e9e, <br>\u00c7a r\u00e9chauffe les mains, le corps et surtout le c\u0153ur, <br>On t\u00e2tonne ensemble, on apprend \u00e0 cheminer <br>C&rsquo;est un lien, une force qui fait valser nos peurs. <br>Ind\u00e9niablement, notre enfant, c&rsquo;est un peu nous, <br>Ensemble, nous sommes un arbre, nous le tronc, lui les branches, <br>Ses racines se m\u00ealent aux n\u00f4tres, sans h\u00e2te, elles se nouent,<br>\u00c7a les rend solide m\u00eame si parfois ils s&rsquo;\u00e9panchent. <br>Le berceau de la famille n&rsquo;est pas dans le ventre, <br>Il est dans les liens qui se tissent m\u00eame quand \u00e7a grippe. <br>Quand dans le monde de l&rsquo;adoption, les parents entrent, <br>Il le porte dans leur t\u00eate, leur c\u0153ur, dans leurs tripes. <br>L&rsquo;enfant que l&rsquo;on adopte, est le lien perp\u00e9tuel <br>Tiss\u00e9 dans l&rsquo;attente, d\u00e9sir\u00e9 d&rsquo;une telle force <br>Que l&rsquo;amour entre nous sort du cadre habituel <br>Faisant des parents biologiques, une simple \u00e9corce.<\/p><\/blockquote><\/figure>\n<\/blockquote>\n<\/blockquote>\n<\/div>\n\n\n\n<div class=\"wp-block-column is-layout-flow wp-block-column-is-layout-flow\" style=\"flex-basis:33.33%\">\n<div class=\"wp-block-group\"><div class=\"wp-block-group__inner-container is-layout-constrained wp-block-group-is-layout-constrained\">\n<div class=\"wp-block-group has-background has-small-font-size is-vertical is-layout-flex wp-container-core-group-is-layout-8cf370e7 wp-block-group-is-layout-flex\" style=\"background-color:#0792e3a6\">\n<blockquote class=\"wp-block-quote is-layout-flow wp-block-quote-is-layout-flow\">\n<p class=\"has-small-font-size\">            <strong>Acrostiche<\/strong><br><br>Arriv\u00e9e d&rsquo;un enfant<br>D\u00e9sireux de parents<br>Orientant notre avenir<br>Provoquant nos plaisirs <br>Touchante parentalit\u00e9<br>Imperm\u00e9able aux autres r\u00e9alit\u00e9s<br>Orient\u00e9e par nos sentiments<br>Nuages d&rsquo;enchantements<br><br>Force d&rsquo;une rencontre<br>Avec mon enfant<br>Merveilleux conte<br>Initiant nos \u00e9lans<br>Lumi\u00e8re de ma vie<br>L&rsquo;envers de mon d\u00e9cor<br>Enivrant mes envies<br>Sublimant mes heures en or<\/p>\n<\/blockquote>\n<\/div>\n<\/div><\/div>\n<\/div>\n<\/div>\n\n\n\n<div class=\"wp-block-columns is-layout-flex wp-container-core-columns-is-layout-9d6595d7 wp-block-columns-is-layout-flex\">\n<div class=\"wp-block-column is-layout-flow wp-block-column-is-layout-flow\" style=\"flex-basis:250px\">\n<p class=\"has-background has-small-font-size\" style=\"background-color:#0792e3a6\">C&rsquo;est quoi \u00eatre parents?<br>Une famille, une maman,<br>L&rsquo;amour d&rsquo;un enfant<br>Le plus beau des sentiments.<br><br>Transmettre ses valeurs<br>Affronter ses peurs<br>Et calmer ses pleurs<br>Profiter des petits bonheurs.<br><br>Tant de responsabilit\u00e9s<br>Que de l&rsquo;\u00e9duquer,<br>De l&rsquo;accompagner,<br>Et surtout de le prot\u00e9ger.<br><br>L&rsquo;aider \u00e0 grandir,<br>A pr\u00e9parer son avenir,<br>Partager quelques soupirs,<br>Mais surtout ses sourires.<br><br>Apr\u00e8s tant d&rsquo;attente,<br>Il faut \u00eatre encore patiente,<br>La construction est lente<br>De ce lien qui s&rsquo;apparente.<br><br>Conna\u00eetre son histoire,<br>Faire face \u00e0 ses d\u00e9boires,<br>Lui apporter de l&rsquo;espoir<br>Pour ne plus \u00eatre dans le noir.<br><br>Deux parcours diff\u00e9rents,<br>Que d&rsquo;encouragements,<br>Et de beaux sentiments<br>Vers un vrai attachement.<br><br>La plus belle des parentalit\u00e9s<br>Est l&rsquo;amour d&rsquo;un adopt\u00e9<br>Envers sa m\u00e8re ador\u00e9e<br>Qui l&rsquo;a prot\u00e9g\u00e9 et aim\u00e9<br>Depuis son arriv\u00e9e.<br>V.<\/p>\n\n\n\n<div class=\"wp-block-group\"><div class=\"wp-block-group__inner-container is-layout-constrained wp-block-group-is-layout-constrained\"><\/div><\/div>\n<\/div>\n\n\n\n<div class=\"wp-block-column is-layout-flow wp-block-column-is-layout-flow\">\n<blockquote class=\"wp-block-quote is-layout-flow wp-block-quote-is-layout-flow\">\n<blockquote class=\"wp-block-quote is-layout-flow wp-block-quote-is-layout-flow\">\n<p class=\"has-small-font-size\">La phrase de ce soir sur le th\u00e8me parle \u00e0 ton subconscient:<br>Ne soit pas si press\u00e9, apprend \u00e0 \u00eatre patient et tu seras s\u00fbrement r\u00e9compens\u00e9.<br>Tu seras que plus arm\u00e9 pour panser les maux que ressent cet enfant et cr\u00e9er une formidable relation p\u00e8re-fils.<br>D<\/p>\n<\/blockquote>\n<\/blockquote>\n\n\n\n<p><\/p>\n\n\n\n<p class=\"has-background has-small-font-size\" style=\"background-color:#fcf16ad1\">Lorsque tu es arriv\u00e9e dans notre vie<br>C\u2019est tout l\u2019avenir qui nous a souri.<br>On t\u2019avait tant attendue<br>Des jours, des mois, des ann\u00e9es, je ne sais plus.<br><br>On a craint le pire, <br>Esp\u00e9r\u00e9 le meilleur<br>On a patient\u00e9 sans rien dire, <br>Laiss\u00e9 s\u2019att\u00e9nuer la douleur.<br><br>Je m\u2019\u00e9merveille encore et toujours<br>En te voyant grandir chaque jour.<br>Tu ris, tu pleures, tu d\u00e9bordes de vie<br>Et mon c\u0153ur d\u00e9borde d\u2019amour aussi.<br><br>Avec toi se sont effac\u00e9s<br>Le vide, l\u2019attente des ann\u00e9es pass\u00e9es.<br>Tu jongles avec la langue, ma fille ch\u00e9rie<br>Comme tu jongles avec la vie.<br><br>Tu te moques de l\u2019avenir<br>Tu conjugues au pr\u00e9sent<br>Mais moi, je te vois grandir<br>Tu n\u2019es bient\u00f4t plus une enfant.<br><br>Nous avions tant appr\u00e9hend\u00e9 le voyage<br>Pas celui g\u00e9ographique mais celui du c\u0153ur pour bagage<br>Mais tu nous as fait oublier ces mauvais souvenirs<br>Avec tes jeux, tes c\u00e2lins, tes sourires<br><br>Avec toi, l\u2019adoption ne rime qu\u2019avec bonheur et avenir.<br>M<\/p>\n<\/div>\n<\/div>\n\n\n\n<div class=\"wp-block-columns is-layout-flex wp-container-core-columns-is-layout-9d6595d7 wp-block-columns-is-layout-flex\">\n<div class=\"wp-block-column is-layout-flow wp-block-column-is-layout-flow\">\n<p><\/p>\n<\/div>\n\n\n\n<div class=\"wp-block-column is-layout-flow wp-block-column-is-layout-flow\"><\/div>\n<\/div>\n\n\n\n<p><\/p>\n","protected":false},"excerpt":{"rendered":"<p>Tous les 2 mois environ, le vendredi soir, de 20h30 \u00e0 22h30 (ou plus en fonction de la disponibilit\u00e9 de chacun et des discussions passionn\u00e9es que les \u00e9crits suscitent \u2026), [&hellip;]<\/p>\n","protected":false},"author":1,"featured_media":0,"parent":0,"menu_order":0,"comment_status":"closed","ping_status":"closed","template":"","meta":{"ocean_post_layout":"","ocean_both_sidebars_style":"","ocean_both_sidebars_content_width":0,"ocean_both_sidebars_sidebars_width":0,"ocean_sidebar":"","ocean_second_sidebar":"","ocean_disable_margins":"enable","ocean_add_body_class":"","ocean_shortcode_before_top_bar":"","ocean_shortcode_after_top_bar":"","ocean_shortcode_before_header":"","ocean_shortcode_after_header":"","ocean_has_shortcode":"","ocean_shortcode_after_title":"","ocean_shortcode_before_footer_widgets":"","ocean_shortcode_after_footer_widgets":"","ocean_shortcode_before_footer_bottom":"","ocean_shortcode_after_footer_bottom":"","ocean_display_top_bar":"default","ocean_display_header":"default","ocean_header_style":"","ocean_center_header_left_menu":"","ocean_custom_header_template":"","ocean_custom_logo":0,"ocean_custom_retina_logo":0,"ocean_custom_logo_max_width":0,"ocean_custom_logo_tablet_max_width":0,"ocean_custom_logo_mobile_max_width":0,"ocean_custom_logo_max_height":0,"ocean_custom_logo_tablet_max_height":0,"ocean_custom_logo_mobile_max_height":0,"ocean_header_custom_menu":"","ocean_menu_typo_font_family":"","ocean_menu_typo_font_subset":"","ocean_menu_typo_font_size":0,"ocean_menu_typo_font_size_tablet":0,"ocean_menu_typo_font_size_mobile":0,"ocean_menu_typo_font_size_unit":"px","ocean_menu_typo_font_weight":"","ocean_menu_typo_font_weight_tablet":"","ocean_menu_typo_font_weight_mobile":"","ocean_menu_typo_transform":"","ocean_menu_typo_transform_tablet":"","ocean_menu_typo_transform_mobile":"","ocean_menu_typo_line_height":0,"ocean_menu_typo_line_height_tablet":0,"ocean_menu_typo_line_height_mobile":0,"ocean_menu_typo_line_height_unit":"","ocean_menu_typo_spacing":0,"ocean_menu_typo_spacing_tablet":0,"ocean_menu_typo_spacing_mobile":0,"ocean_menu_typo_spacing_unit":"","ocean_menu_link_color":"","ocean_menu_link_color_hover":"","ocean_menu_link_color_active":"","ocean_menu_link_background":"","ocean_menu_link_hover_background":"","ocean_menu_link_active_background":"","ocean_menu_social_links_bg":"","ocean_menu_social_hover_links_bg":"","ocean_menu_social_links_color":"","ocean_menu_social_hover_links_color":"","ocean_disable_title":"default","ocean_disable_heading":"default","ocean_post_title":"","ocean_post_subheading":"","ocean_post_title_style":"","ocean_post_title_background_color":"","ocean_post_title_background":0,"ocean_post_title_bg_image_position":"","ocean_post_title_bg_image_attachment":"","ocean_post_title_bg_image_repeat":"","ocean_post_title_bg_image_size":"","ocean_post_title_height":0,"ocean_post_title_bg_overlay":0.5,"ocean_post_title_bg_overlay_color":"","ocean_disable_breadcrumbs":"default","ocean_breadcrumbs_color":"","ocean_breadcrumbs_separator_color":"","ocean_breadcrumbs_links_color":"","ocean_breadcrumbs_links_hover_color":"","ocean_display_footer_widgets":"default","ocean_display_footer_bottom":"default","ocean_custom_footer_template":"","footnotes":""},"class_list":["post-81","page","type-page","status-publish","hentry","entry"],"_links":{"self":[{"href":"https:\/\/efa53.fr\/wordpress\/index.php\/wp-json\/wp\/v2\/pages\/81","targetHints":{"allow":["GET"]}}],"collection":[{"href":"https:\/\/efa53.fr\/wordpress\/index.php\/wp-json\/wp\/v2\/pages"}],"about":[{"href":"https:\/\/efa53.fr\/wordpress\/index.php\/wp-json\/wp\/v2\/types\/page"}],"author":[{"embeddable":true,"href":"https:\/\/efa53.fr\/wordpress\/index.php\/wp-json\/wp\/v2\/users\/1"}],"replies":[{"embeddable":true,"href":"https:\/\/efa53.fr\/wordpress\/index.php\/wp-json\/wp\/v2\/comments?post=81"}],"version-history":[{"count":23,"href":"https:\/\/efa53.fr\/wordpress\/index.php\/wp-json\/wp\/v2\/pages\/81\/revisions"}],"predecessor-version":[{"id":1013,"href":"https:\/\/efa53.fr\/wordpress\/index.php\/wp-json\/wp\/v2\/pages\/81\/revisions\/1013"}],"wp:attachment":[{"href":"https:\/\/efa53.fr\/wordpress\/index.php\/wp-json\/wp\/v2\/media?parent=81"}],"curies":[{"name":"wp","href":"https:\/\/api.w.org\/{rel}","templated":true}]}}