{"id":758,"date":"2024-11-09T18:00:38","date_gmt":"2024-11-09T18:00:38","guid":{"rendered":"https:\/\/efa53.fr\/wordpress\/?page_id=758"},"modified":"2025-05-08T21:37:45","modified_gmt":"2025-05-08T21:37:45","slug":"podcasts","status":"publish","type":"page","link":"https:\/\/efa53.fr\/wordpress\/index.php\/podcasts\/","title":{"rendered":"Podcasts"},"content":{"rendered":"<div class=\"wp-block-image\">\n<figure class=\"alignleft size-full is-resized\"><img loading=\"lazy\" decoding=\"async\" width=\"700\" height=\"768\" src=\"https:\/\/efa53.fr\/wordpress\/wp-content\/uploads\/2024\/11\/Podcast-1.webp\" alt=\"\" class=\"wp-image-768\" style=\"width:106px;height:auto\" srcset=\"https:\/\/efa53.fr\/wordpress\/wp-content\/uploads\/2024\/11\/Podcast-1.webp 700w, https:\/\/efa53.fr\/wordpress\/wp-content\/uploads\/2024\/11\/Podcast-1-273x300.webp 273w\" sizes=\"auto, (max-width: 700px) 100vw, 700px\" \/><\/figure>\n<\/div>\n\n\n<p class=\"has-text-align-left\">Sur le site national d&rsquo;EFA sont r\u00e9f\u00e9renc\u00e9s de nombreux m\u00e9dias en lien avec l&rsquo;adoption (<strong>films, documentaires, <a href=\"https:\/\/www.adoptionefa.org\/dans-les-medias\/podcasts\/\" data-type=\"link\" data-id=\"https:\/\/www.adoptionefa.org\/dans-les-medias\/podcasts\/\" target=\"_blank\" rel=\"noreferrer noopener\">podcasts<\/a> <\/strong>&#8230;).<\/p>\n\n\n\n<p>Voici, sur notre site, une liste de podcasts en lien avec l&rsquo;adoption, class\u00e9s du plus r\u00e9cent au plus ancien&#8230; En <strong>cliquant sur l&rsquo;image<\/strong>, vous acc\u00e9derez au site en question.<\/p>\n\n\n\n<figure class=\"wp-block-table\"><table class=\"has-background\" style=\"background-color:#fcf16ad1\"><tbody><tr><td><strong>Lien<\/strong><\/td><td><strong>Titre<\/strong> <strong>du podcast<\/strong>  <\/td><td><strong>Site <\/strong><\/td><td><strong>Ann\u00e9e<\/strong><\/td><\/tr><tr><td><a href=\"https:\/\/www.radiofrance.fr\/franceculture\/podcasts\/etre-et-savoir\/etre-et-savoir-le-magazine-de-l-education-partie-1-2608202\" target=\"_blank\" rel=\"noreferrer noopener\"><img loading=\"lazy\" decoding=\"async\" width=\"150\" height=\"121\" class=\"wp-image-917\" style=\"width: 150px;\" src=\"https:\/\/efa53.fr\/wordpress\/wp-content\/uploads\/2025\/05\/france-culture-podcasts.jpg\" alt=\"\" srcset=\"https:\/\/efa53.fr\/wordpress\/wp-content\/uploads\/2025\/05\/france-culture-podcasts.jpg 547w, https:\/\/efa53.fr\/wordpress\/wp-content\/uploads\/2025\/05\/france-culture-podcasts-300x242.jpg 300w\" sizes=\"auto, (max-width: 150px) 100vw, 150px\" \/><\/a><\/td><td><strong>Etre et savoir &#8211; le magazine de l&rsquo;\u00e9ducation : l&rsquo;attachement, un lien vital<\/strong><br><em>Ce site contient des podcasts d\u00e9di\u00e9s aux questions qui ont trait \u00e0 l\u2019\u00e9ducation et \u00e0 la transmission des savoirs sous toutes ses formes : \u00e0 l\u2019\u00e9cole mais aussi au sein de la famille, dans l\u2019\u00e9ducation<\/em>.<\/td><td><a href=\"https:\/\/www.radiofrance.fr\/franceculture\/podcasts\/etre-et-savoir\/etre-et-savoir-le-magazine-de-l-education-partie-1-2608202\">radiofrance.fr\/<\/a><\/td><td>2025<\/td><\/tr><tr><td><a href=\"https:\/\/lejournalduneadoptee.com\/podcast-journal-dune-adoptee-sandra-mahe\/\" target=\"_blank\" rel=\"noreferrer noopener\"><img loading=\"lazy\" decoding=\"async\" width=\"150\" height=\"119\" class=\"wp-image-859\" style=\"width: 150px;\" src=\"https:\/\/efa53.fr\/wordpress\/wp-content\/uploads\/2025\/02\/journ.png\" alt=\"\" srcset=\"https:\/\/efa53.fr\/wordpress\/wp-content\/uploads\/2025\/02\/journ.png 772w, https:\/\/efa53.fr\/wordpress\/wp-content\/uploads\/2025\/02\/journ-300x239.png 300w, https:\/\/efa53.fr\/wordpress\/wp-content\/uploads\/2025\/02\/journ-768x612.png 768w\" sizes=\"auto, (max-width: 150px) 100vw, 150px\" \/><\/a><\/td><td><strong>Le Journal d&rsquo;une adopt\u00e9e<\/strong><br><em>Ce site regorge de podcasts initialement destin\u00e9s aux personnes adopt\u00e9es mais qui seront tr\u00e8s utiles pour les parents adoptifs<\/em> <em>: sur la normalit\u00e9 adoptive, la blessure d&rsquo;abandon, le racisme &#8230;<\/em> <em>Une mine d&rsquo;or !<\/em><\/td><td>lejournalduneadoptee.com<\/td><td><\/td><\/tr><tr><td><a href=\"https:\/\/www.youtube.com\/watch?v=BNtazc_89P8\" target=\"_blank\" rel=\"noreferrer noopener\"><img loading=\"lazy\" decoding=\"async\" width=\"150\" height=\"84\" class=\"wp-image-814\" style=\"width: 150px;\" src=\"https:\/\/efa53.fr\/wordpress\/wp-content\/uploads\/2024\/12\/le.png\" alt=\"\" srcset=\"https:\/\/efa53.fr\/wordpress\/wp-content\/uploads\/2024\/12\/le.png 884w, https:\/\/efa53.fr\/wordpress\/wp-content\/uploads\/2024\/12\/le-300x168.png 300w, https:\/\/efa53.fr\/wordpress\/wp-content\/uploads\/2024\/12\/le-768x429.png 768w, https:\/\/efa53.fr\/wordpress\/wp-content\/uploads\/2024\/12\/le-800x450.png 800w\" sizes=\"auto, (max-width: 150px) 100vw, 150px\" \/><\/a><\/td><td><strong>Les mardis de la parentalit\u00e9 &#8211; REPLAY, Parent d\u2019un enfant en situation de handicap<\/strong> &#8230;<br><em>Dans ces replays, les professionnels invit\u00e9s abordent de nombreux th\u00e8mes susceptibles de nous int\u00e9resser<\/em> &#8230;<\/td><td>Youtube.com<\/td><td>2024<\/td><\/tr><tr><td><a href=\"https:\/\/shows.acast.com\/parentalite-s\/episodes\/ladoption\" data-type=\"link\" data-id=\"https:\/\/shows.acast.com\/parentalite-s\/episodes\/ladoption\" target=\"_blank\" rel=\"noreferrer noopener\"><img loading=\"lazy\" decoding=\"async\" width=\"150\" height=\"160\" class=\"wp-image-756\" style=\"width: 150px;\" src=\"https:\/\/efa53.fr\/wordpress\/wp-content\/uploads\/2024\/11\/podcast-parentalite.jpg\" alt=\"\" srcset=\"https:\/\/efa53.fr\/wordpress\/wp-content\/uploads\/2024\/11\/podcast-parentalite.jpg 305w, https:\/\/efa53.fr\/wordpress\/wp-content\/uploads\/2024\/11\/podcast-parentalite-281x300.jpg 281w\" sizes=\"auto, (max-width: 150px) 100vw, 150px\" \/><\/a><\/td><td><strong>PARENTALIT\u00c9(S) &#8211; \u00c9duquer c&rsquo;est comprendre &#8211; L&rsquo;adoption Ep. 82<\/strong><br><em>Dans cet \u00e9pisode, avec notre experte Johanne Lemieux, nous \u00e9voquons l\u2019impact de l\u2019abandon de la m\u00e8re de naissance sur l\u2019enfant, la normalit\u00e9 adoptive et la sp\u00e9cificit\u00e9 des enfants adopt\u00e9s, du r\u00f4le du parent adoptant et enfin la mani\u00e8re dont il peut accompagner au mieux son enfant.&nbsp;<\/em><\/td><td>shows.acast.com<\/td><td>f\u00e9vrier 2023<\/td><\/tr><tr><td><a href=\"https:\/\/lamatrescence.fr\/episode-88-adopter-une-fratrie-le-reve-pour-ann-maman-de-deux-enfants-nes-aux-philippines\/\" data-type=\"link\" data-id=\"https:\/\/lamatrescence.fr\/episode-88-adopter-une-fratrie-le-reve-pour-ann-maman-de-deux-enfants-nes-aux-philippines\/\" target=\"_blank\" rel=\"noreferrer noopener\"><img loading=\"lazy\" decoding=\"async\" width=\"150\" height=\"152\" class=\"wp-image-757\" style=\"width: 150px;\" src=\"https:\/\/efa53.fr\/wordpress\/wp-content\/uploads\/2024\/11\/La-matrescence-88.jpg\" alt=\"\"><\/a><\/td><td><strong>LA MATRESCENCE<\/strong> <strong>Ep. 88 \u2013 Adopter une fratrie, le r\u00eave pour Ann, maman de deux enfants n\u00e9s aux Philippines<\/strong><br><em>Dans cet \u00e9pisode, Ann raconte la t\u00e9nacit\u00e9 qu\u2019il faut pour devenir m\u00e8re, un processus qui dure plusieurs ann\u00e9es et non 9 mois. Elle explique pourquoi ils ont choisi un organisme priv\u00e9, les crit\u00e8res requis qui sont demand\u00e9s pour \u00eatre autoris\u00e9s \u00e0 adopter. Elle raconte les hauts et les bas, les coups du sort, l\u2019attente interminable mais surtout cette rencontre tant attendue avec ses 2 enfants, n\u00e9s aux Philippines.<\/em><\/td><td>lamatrescence.fr<\/td><td>?<\/td><\/tr><tr><td><a href=\"https:\/\/lamatrescence.fr\/episode-214-de-ladoption-a-lemancipation-parcours-dune-guerriere-feministe-camille-aumont-carnel\/\" target=\"_blank\" rel=\"noreferrer noopener\"><img loading=\"lazy\" decoding=\"async\" width=\"150\" height=\"138\" class=\"wp-image-780\" style=\"width: 150px;\" src=\"https:\/\/efa53.fr\/wordpress\/wp-content\/uploads\/2024\/11\/Podcast-matres.jpg\" alt=\"\"><\/a><\/td><td><strong>LA MATRESCENCE<\/strong> <strong>Ep. 214 &#8211; De l\u2019adoption \u00e0 l\u2019\u00e9mancipation : Parcours d\u2019une guerri\u00e8re f\u00e9ministe, Camille Aumont-Carnel<\/strong><br><em>Dans cet \u00e9pisode, il est question de son parcours d\u2019enfant adopt\u00e9 et de l\u2019impact que cela a eu sur sa vie.<\/em><\/td><td>lamatrescence.fr<\/td><td><\/td><\/tr><tr><td><a href=\"https:\/\/lamatrescence.fr\/episode-78-soccuper-des-bebes-nes-dans-le-secret-pauline-auxiliaire-de-puericulture\/\" target=\"_blank\" rel=\"noreferrer noopener\"><img loading=\"lazy\" decoding=\"async\" width=\"150\" height=\"253\" class=\"wp-image-781\" style=\"width: 150px;\" src=\"https:\/\/efa53.fr\/wordpress\/wp-content\/uploads\/2024\/11\/La-matresc-Pauline.jpg\" alt=\"\" srcset=\"https:\/\/efa53.fr\/wordpress\/wp-content\/uploads\/2024\/11\/La-matresc-Pauline.jpg 277w, https:\/\/efa53.fr\/wordpress\/wp-content\/uploads\/2024\/11\/La-matresc-Pauline-178x300.jpg 178w\" sizes=\"auto, (max-width: 150px) 100vw, 150px\" \/><\/a><\/td><td><strong>LA MATRESCENCE<\/strong> <strong>Ep. 78 \u2013 S\u2019occuper des b\u00e9b\u00e9s n\u00e9s dans le secret \u2013 Pauline \u2013 auxiliaire de pu\u00e9riculture<\/strong><br><em>Dans cet \u00e9pisode, Pauline, qui est auxiliaire de pu\u00e9riculture dans une pouponni\u00e8re, depuis plusieurs ann\u00e9es, nous raconte comment elle prend soin des b\u00e9b\u00e9s n\u00e9s sous le secret, comment se passe la semaine de leur adoption, comment leur est racont\u00e9e leur histoire &#8230;<\/em><\/td><td>lamatrescence.fr<\/td><td><\/td><\/tr><\/tbody><\/table><\/figure>\n\n\n\n<p><\/p>\n","protected":false},"excerpt":{"rendered":"<p>Sur le site national d&rsquo;EFA sont r\u00e9f\u00e9renc\u00e9s de nombreux m\u00e9dias en lien avec l&rsquo;adoption (films, documentaires, podcasts &#8230;). Voici, sur notre site, une liste de podcasts en lien avec l&rsquo;adoption, [&hellip;]<\/p>\n","protected":false},"author":3,"featured_media":0,"parent":0,"menu_order":0,"comment_status":"closed","ping_status":"closed","template":"","meta":{"ocean_post_layout":"","ocean_both_sidebars_style":"","ocean_both_sidebars_content_width":0,"ocean_both_sidebars_sidebars_width":0,"ocean_sidebar":"","ocean_second_sidebar":"","ocean_disable_margins":"enable","ocean_add_body_class":"","ocean_shortcode_before_top_bar":"","ocean_shortcode_after_top_bar":"","ocean_shortcode_before_header":"","ocean_shortcode_after_header":"","ocean_has_shortcode":"","ocean_shortcode_after_title":"","ocean_shortcode_before_footer_widgets":"","ocean_shortcode_after_footer_widgets":"","ocean_shortcode_before_footer_bottom":"","ocean_shortcode_after_footer_bottom":"","ocean_display_top_bar":"default","ocean_display_header":"default","ocean_header_style":"","ocean_center_header_left_menu":"","ocean_custom_header_template":"","ocean_custom_logo":0,"ocean_custom_retina_logo":0,"ocean_custom_logo_max_width":0,"ocean_custom_logo_tablet_max_width":0,"ocean_custom_logo_mobile_max_width":0,"ocean_custom_logo_max_height":0,"ocean_custom_logo_tablet_max_height":0,"ocean_custom_logo_mobile_max_height":0,"ocean_header_custom_menu":"","ocean_menu_typo_font_family":"","ocean_menu_typo_font_subset":"","ocean_menu_typo_font_size":0,"ocean_menu_typo_font_size_tablet":0,"ocean_menu_typo_font_size_mobile":0,"ocean_menu_typo_font_size_unit":"px","ocean_menu_typo_font_weight":"","ocean_menu_typo_font_weight_tablet":"","ocean_menu_typo_font_weight_mobile":"","ocean_menu_typo_transform":"","ocean_menu_typo_transform_tablet":"","ocean_menu_typo_transform_mobile":"","ocean_menu_typo_line_height":0,"ocean_menu_typo_line_height_tablet":0,"ocean_menu_typo_line_height_mobile":0,"ocean_menu_typo_line_height_unit":"","ocean_menu_typo_spacing":0,"ocean_menu_typo_spacing_tablet":0,"ocean_menu_typo_spacing_mobile":0,"ocean_menu_typo_spacing_unit":"","ocean_menu_link_color":"","ocean_menu_link_color_hover":"","ocean_menu_link_color_active":"","ocean_menu_link_background":"","ocean_menu_link_hover_background":"","ocean_menu_link_active_background":"","ocean_menu_social_links_bg":"","ocean_menu_social_hover_links_bg":"","ocean_menu_social_links_color":"","ocean_menu_social_hover_links_color":"","ocean_disable_title":"default","ocean_disable_heading":"default","ocean_post_title":"","ocean_post_subheading":"","ocean_post_title_style":"","ocean_post_title_background_color":"","ocean_post_title_background":0,"ocean_post_title_bg_image_position":"","ocean_post_title_bg_image_attachment":"","ocean_post_title_bg_image_repeat":"","ocean_post_title_bg_image_size":"","ocean_post_title_height":0,"ocean_post_title_bg_overlay":0.5,"ocean_post_title_bg_overlay_color":"","ocean_disable_breadcrumbs":"default","ocean_breadcrumbs_color":"","ocean_breadcrumbs_separator_color":"","ocean_breadcrumbs_links_color":"","ocean_breadcrumbs_links_hover_color":"","ocean_display_footer_widgets":"default","ocean_display_footer_bottom":"default","ocean_custom_footer_template":"","footnotes":""},"class_list":["post-758","page","type-page","status-publish","hentry","entry"],"_links":{"self":[{"href":"https:\/\/efa53.fr\/wordpress\/index.php\/wp-json\/wp\/v2\/pages\/758","targetHints":{"allow":["GET"]}}],"collection":[{"href":"https:\/\/efa53.fr\/wordpress\/index.php\/wp-json\/wp\/v2\/pages"}],"about":[{"href":"https:\/\/efa53.fr\/wordpress\/index.php\/wp-json\/wp\/v2\/types\/page"}],"author":[{"embeddable":true,"href":"https:\/\/efa53.fr\/wordpress\/index.php\/wp-json\/wp\/v2\/users\/3"}],"replies":[{"embeddable":true,"href":"https:\/\/efa53.fr\/wordpress\/index.php\/wp-json\/wp\/v2\/comments?post=758"}],"version-history":[{"count":15,"href":"https:\/\/efa53.fr\/wordpress\/index.php\/wp-json\/wp\/v2\/pages\/758\/revisions"}],"predecessor-version":[{"id":924,"href":"https:\/\/efa53.fr\/wordpress\/index.php\/wp-json\/wp\/v2\/pages\/758\/revisions\/924"}],"wp:attachment":[{"href":"https:\/\/efa53.fr\/wordpress\/index.php\/wp-json\/wp\/v2\/media?parent=758"}],"curies":[{"name":"wp","href":"https:\/\/api.w.org\/{rel}","templated":true}]}}